3764 is divided by 31?
30
What is the remainder when 5973356 is divided by 291?
290
What is the remainder when 105575973 is divided by 14?
13
What is the remainder when 272263 is divided by 347?
215
What is the remainder when 4857672 is divided by 1355?
1352
Calculate the remainder when 538916 is divided by 66832.
4260
What is the remainder when 433603 is divided by 433548?
55
Calculate the remainder when 1790500367 is divided by 9831.
9830
What is the remainder when 4035622 is divided by 2?
0
Calculate the remainder when 872598 is divided by 58173.
3
Calculate the remainder when 34084639 is divided by 20.
19
What is the remainder when 6313475 is divided by 1578338?
123
What is the remainder when 4134543 is divided by 613?
471
What is the remainder when 647553 is divided by 2710?
2573
What is the remainder when 440326 is divided by 7335?
226
Calculate the remainder when 99298 is divided by 7434.
2656
Calculate the remainder when 898042 is divided by 59821.
727
Calculate the remainder when 190079 is divided by 7275.
929
Calculate the remainder when 4372183 is divided by 145.
143
What is the remainder when 1975940 is divided by 23522?
92
What is the remainder when 141468 is divided by 139594?
1874
Calculate the remainder when 23106555 is divided by 3028.
2915
Calculate the remainder when 259120130 is divided by 702.
698
What is the remainder when 6490535 is divided by 33?
29
What is the remainder when 6973 is divided by 891?
736
Calculate the remainder when 42001305 is divided by 383.
376
Calculate the remainder when 1911744 is divided by 955844.
56
Calculate the remainder when 8991 is divided by 260.
151
What is the remainder when 4984190 is divided by 178?
12
Calculate the remainder when 203234 is divided by 40578.
344
What is the remainder when 50882189 is divided by 3026?
3025
What is the remainder when 37402 is divided by 37258?
144
Calculate the remainder when 4540336 is divided by 220.
196
What is the remainder when 44781211 is divided by 3048?
3043
Calculate the remainder when 43945558 is divided by 30.
28
Calculate the remainder when 159187 is divided by 865.
27
Calculate the remainder when 35982 is divided by 5960.
222
What is the remainder when 1408280 is divided by 2475?
5
What is the remainder when 67644496 is divided by 2761?
2757
Calculate the remainder when 5621192 is divided by 2810567.
58
What is the remainder when 1496449 is divided by 1507?
1505
What is the remainder when 1046185 is divided by 149455?
0
Calculate the remainder when 273969 is divided by 7796.
1109
What is the remainder when 32282 is divided by 344?
290
Calculate the remainder when 67206130 is divided by 42.
40
What is the remainder when 273098754 is divided by 88?
82
Calculate the remainder when 47468713 is divided by 338.
331
Calculate the remainder when 3310207 is divided by 782.
1
What is the remainder when 207371 is divided by 3840?
11
What is the remainder when 790435 is divided by 119?
37
Calculate the remainder when 11371244 is divided by 1199.
1127
What is the remainder when 34238656 is divided by 3950?
56
Calculate the remainder when 1836895 is divided by 72.
31
What is the remainder when 46758583 is divided by 1192?
1191
What is the remainder when 161680361 is divided by 145?
141
What is the remainder when 228243 is divided by 5227?
3482
Calculate the remainder when 1736538 is divided by 2899.
37
What is the remainder when 5826960 is divided by 4?
0
Calculate the remainder when 69810 is divided by 1375.
1060
Calculate the remainder when 7963055 is divided by 229.
38
Calculate the remainder when 32023618 is divided by 400.
18
What is the remainder when 5431992 is divided by 45?
42
What is the remainder when 1677565 is divided by 826?
785
Calculate the remainder when 5917 is divided by 4063.
1854
What is the remainder when 12353 is divided by 12349?
4
Calculate the remainder when 3944799 is divided by 28.
19
What is the remainder when 8211204 is divided by 509?
16
What is the remainder when 7074443 is divided by 76?
59
What is the remainder when 420717 is divided by 52586?
29
Calculate the remainder when 10737035 is divided by 2596.
2575
Calculate the remainder when 1498955 is divided by 103.
99
What is the remainder when 10011 is divided by 8165?
1846
What is the remainder when 298109301 is divided by 415194?
9
What is the remainder when 5001023 is divided by 16?
15
Calculate the remainder when 5460028 is divided by 15.
13
Calculate the remainder when 1679876 is divided by 113.
18
What is the remainder when 19672305 is divided by 192?
177
Calculate the remainder when 3319338 is divided by 1118.
1114
Calculate the remainder when 1423957 is divided by 436.
417
Calculate the remainder when 454620 is divided by 3032.
2852
Calculate the remainder when 120007694 is divided by 23.
19
What is the remainder when 143088 is divided by 71542?
4
Calculate the remainder when 91938 is divided by 76.
54
Calculate the remainder when 505337 is divided by 505275.
62
Calculate the remainder when 2063091 is divided by 8219.
122
What is the remainder when 2565299 is divided by 427549?
5
What is the remainder when 4079729 is divided by 1079?
30
What is the remainder when 621691 is divided by 1562?
15
What is the remainder when 612040516 is divided by 14?
10
What is the remainder when 16886877 is divided by 13445?
13402
Calculate the remainder when 729293 is divided by 243096.
5
Calculate the remainder when 3103452 is divided by 2272.
2172
Calculate the remainder when 8587599 is divided by 8511.
0
Calculate the remainder when 4900197 is divided by 4900166.
31
What is the remainder when 1243060 is divided by 32712?
4
Calculate the remainder when 120774 is divided by 13418.
12
Calculate the remainder when 1564792 is divided by 3656.
24
Calculate the remainder when 21899446 is divided by 67800.
46
Calculate the remainder when 15391115 is divided by 385.
355
What is the remainder when 3323438 is divided by 3208?
3158
Calculate the remainder when 15186732 is divided by 52.
28
What is the remainder when 56545486 is divided by 5736?
5734
What is the remainder when 534269 is divided by 178088?
5
What is the remainder when 2000557 is divided by 986?
949
What is the remainder when 9734038 is divided by 30?
28
Calculate the remainder when 11129126 is divided by 655.
21
What is the remainder when 3295033 is divided by 411879?
1
Calculate the remainder when 2702301 is divided by 1954.
1873
Calculate the remainder when 625650 is divided by 4866.
2802
Calculate the remainder when 2816 is divided by 642.
248
Calculate the remainder when 564714 is divided by 418.
414
What is the remainder when 237605077 is divided by 15?
7
Calculate the remainder when 7881012 is divided by 37.
12
Calculate the remainder when 65928493 is divided by 11.
4
Calculate the remainder when 540198 is divided by 28429.
47
What is the remainder when 670988 is divided by 39?
32
What is the remainder when 110797 is divided by 55257?
283
Calculate the remainder when 356252 is divided by 445.
252
Calculate the remainder when 22721567 is divided by 5680382.
39
What is the remainder when 104334460 is divided by 360?
340
What is the remainder when 2190864 is divided by 972?
948
What is the remainder when 780569 is divided by 20?
9
What is the remainder when 7263031 is divided by 518782?
83
Calculate the remainder when 1038618 is divided by 79.
5
Calculate the remainder when 985404 is divided by 29860.
24
Calculate the remainder when 172387627 is divided by 261.
259
Calculate the remainder when 12715535 is divided by 1941.
44
Calculate the remainder when 61098 is divided by 3576.
306
What is the remainder when 50460744 is divided by 410?
404
What is the remainder when 372035 is divided by 10933?
313
What is the remainder when 204660 is divided by 48?
36
What is the remainder when 231470 is divided by 10997?
533
Calculate the remainder when 367357 is divided by 122449.
10
What is the remainder when 4717679 is divided by 1179416?
15
What is the remainder when 1595391 is divided by 209?
94
What is the remainder when 4365176 is divided by 834?
20
What is the remainder when 9632347 is divided by 1898?
1895
What is the remainder when 448187 is divided by 224059?
69
What is the remainder when 449864 is divided by 453?
35
Calcula